0517
What are the prime factors of 104150507?
9257, 11251
What are the prime factors of 441010176?
2, 3, 179, 401
List the prime factors of 4217605.
5, 7, 120503
What are the prime factors of 769783150?
2, 5, 37, 239, 1741
What are the prime factors of 112248381?
3, 7, 479, 11159
What are the prime factors of 1238077668?
2, 3, 53, 1946663
What are the prime factors of 125795599?
19, 71, 93251
What are the prime factors of 1306673029?
1306673029
List the prime factors of 42908717.
42908717
List the prime factors of 1665426.
2, 3, 7, 19, 2087
List the prime factors of 939763290.
2, 3, 5, 4073, 7691
List the prime factors of 66765563.
19, 3513977
List the prime factors of 573883089.
3, 13, 14714951
What are the prime factors of 8710002805?
5, 7, 313, 795071
What are the prime factors of 146513804?
2, 127, 288413
What are the prime factors of 108567061?
23, 4720307
What are the prime factors of 153288168?
2, 3, 11, 311, 1867
List the prime factors of 124445100.
2, 3, 5, 13, 17, 1877
What are the prime factors of 41072947?
61, 673327
List the prime factors of 212302360.
2, 5, 1063, 4993
What are the prime factors of 13164467?
137, 307, 313
List the prime factors of 4440573.
3, 493397
List the prime factors of 125487699.
3, 41829233
List the prime factors of 95465786.
2, 13, 3671761
List the prime factors of 64426432.
2, 7, 31, 4639
What are the prime factors of 1909804869?
3, 7, 313, 96851
List the prime factors of 9427165668.
2, 3, 4327, 20173
List the prime factors of 1649098027.
19, 86794633
List the prime factors of 77503716.
2, 3, 43, 5563
What are the prime factors of 298048877?
7, 19, 839, 2671
List the prime factors of 154166114.
2, 19, 431, 9413
List the prime factors of 4294575341.
7, 23, 26674381
What are the prime factors of 11385655?
5, 19, 119849
List the prime factors of 85153347.
3, 433, 21851
List the prime factors of 280026645.
3, 5, 83, 224921
List the prime factors of 1753875860.
2, 5, 11, 41, 194443
What are the prime factors of 579654956?
2, 144913739
What are the prime factors of 29727061?
7, 13, 43, 71, 107
What are the prime factors of 28429435?
5, 5685887
List the prime factors of 83497586.
2, 5441, 7673
What are the prime factors of 428408202?
2, 3, 6353, 11239
List the prime factors of 792563830.
2, 5, 79256383
List the prime factors of 47744729.
233, 204913
What are the prime factors of 2652790985?
5, 13, 40812169
What are the prime factors of 46158206?
2, 191, 120833
List the prime factors of 90639861.
3, 13, 19, 122321
What are the prime factors of 960625082?
2, 167, 271, 10613
List the prime factors of 66958501.
66958501
What are the prime factors of 345007915?
5, 7, 9857369
What are the prime factors of 69475674?
2, 3, 167, 69337
What are the prime factors of 545479716?
2, 3, 45456643
What are the prime factors of 54516268?
2, 13629067
What are the prime factors of 106238003?
977, 108739
List the prime factors of 881359128.
2, 3, 13, 101, 9323
What are the prime factors of 55575862?
2, 27787931
What are the prime factors of 47335828?
2, 73, 162109
List the prime factors of 1034134459.
229, 4515871
List the prime factors of 140067229.
113, 1239533
What are the prime factors of 25179393?
3, 179, 46889
What are the prime factors of 570137529?
3, 13, 2179, 6709
List the prime factors of 1309857497.
13, 17, 1789, 3313
List the prime factors of 80947952.
2, 71, 71257
What are the prime factors of 948883753?
948883753
What are the prime factors of 848518144?
2, 17, 79, 617
What are the prime factors of 493809476?
2, 6779, 18211
List the prime factors of 33290339.
433, 76883
List the prime factors of 13727801.
359, 38239
List the prime factors of 197941563.
3, 19, 41, 3137
List the prime factors of 17954782.
2, 2069, 4339
List the prime factors of 52538913.
3, 7, 409, 2039
List the prime factors of 130871318.
2, 71, 921629
What are the prime factors of 2367612932?
2, 591903233
List the prime factors of 27350206.
2, 13, 607, 1733
List the prime factors of 60986685.
3, 5, 23, 43, 4111
What are the prime factors of 3454458415?
5, 6257, 110419
List the prime factors of 592960091.
389, 1524319
What are the prime factors of 700000334?
2, 11, 131, 242887
What are the prime factors of 714613148?
2, 178653287
What are the prime factors of 50928447?
3, 17, 58741
List the prime factors of 44401396.
2, 13, 853873
List the prime factors of 596365673.
19, 257, 122131
What are the prime factors of 1109606232?
2, 3, 7, 19, 347621
List the prime factors of 1138277558.
2, 11, 1409, 36721
What are the prime factors of 153108817?
17, 1733, 5197
What are the prime factors of 4758936?
2, 3, 7, 13, 2179
List the prime factors of 263383536.
2, 3, 13, 422089
List the prime factors of 35330462.
2, 19, 929749
What are the prime factors of 1296333327?
3, 89, 269, 18049
What are the prime factors of 582376062?
2, 3, 97062677
What are the prime factors of 521254454?
2, 7, 5318923
List the prime factors of 146210958.
2, 3, 1621, 5011
What are the prime factors of 357909261?
3, 199, 599513
List the prime factors of 2652265706.
2, 1326132853
What are the prime factors of 7111027284?
2, 3, 592585607
List the prime factors of 51909215.
5, 631, 16453
What are the prime factors of 118721002?
2, 1069, 55529
List the prime factors of 1199197086.
2, 3, 157, 1273033
List the prime factors of 41198076.
2, 3, 109, 10499
What are the prime factors of 2677096109?
23, 31, 71, 52883
List the prime factors of 141005543.
7, 20143649
List the prime factors of 44788156.
2, 7, 228511
What are the prime factors of 101782079?
7, 37, 392981
List the prime factors of 247042941.
3, 109, 755483
List the prime factors of 2666935.
5, 19, 67, 419
List the prime factors of 2103855.
3, 5, 13, 10789
What are the prime factors of 53685139?
47, 1142237
List the prime factors of 1443865811.
17, 107, 793769
List the prime factors of 39392352.
2, 3, 127, 359
What are the prime factors of 7099908480?
2, 3, 5, 7, 176089
What are the prime factors of 2148316642?
2, 1074158321
What are the prime factors of 341134661?
7, 103, 473141
List the prime factors of 841092433.
841092433
What are the prime factors of 102282503?
102282503
What are the prime factors of 75525707?
75525707
What are the prime factors of 641224635?
3, 5, 19, 2249911
What are the prime factors of 2128468729?
3209, 663281
What are the prime factors of 1320752738?
2, 19, 227, 153113
List the prime factors of 495489169.
7, 70784167
List the prime factors of 39341729.
7, 5620247
What are the prime factors of 165476085?
3, 5, 11031739
List the prime factors of 35972646.
2, 3, 17, 113, 3121
List the prime factors of 49258428.
2, 3, 4104869
What are the prime factors of 95166946?
2, 7, 6797639
What are the prime factors of 1436236075?
5, 17, 137, 1451
List the prime factors of 176836810.
2, 5, 17683681
List the prime factors of 445850145.
3, 5, 13, 139, 5483
What are the prime factors of 841744043?
7, 37, 3249977
What are the prime factors of 463641597?
3, 239, 71849
List the prime factors of 1503092865.
3, 5, 100206191
What are the prime factors of 19551425?
5, 782057
What are the prime factors of 105132015?
3, 5, 79, 29573
List the prime factors of 3527989217.
19, 151, 541, 2273
List the prime factors of 122387486.
2, 13, 4707211
What are the prime factors of 134465308?
2, 17, 47, 42073
What are the prime factors of 154266308?
2, 7, 229, 491
List the prime factors of 814852079.
4507, 180797
What are the prime factors of 5947676?
2, 7, 37, 5741
List the prime factors of 117639987.
3, 283, 138563
List the prime factors of 668844324.
2, 3, 23, 509
What are the prime factors of 38965483?
761, 51203
What are the prime factors of 13082176?
2, 71, 2879
What are the prime factors of 879559119?
3, 3169, 30839
What are the prime factors of 168672849?
3, 83, 131, 5171
What are the prime factors of 298808820?
2, 3, 5, 19, 41, 2131
List the prime factors of 399731024.
2, 7, 11, 46351
List the prime factors of 503993941.
11, 733, 62507
What are the prime factors of 27889503?
3, 17, 29, 109, 173
List the prime factors of 440484403.
83, 233, 22777
What are the prime factors of 4275948160?
2, 5, 11, 167, 3637
What are the prime factors of 838792870?
2, 5, 2027, 41381
What are the prime factors of 1444287266?
2, 4919, 146807
What are the prime fa